*(-6 - 45)?
16
Let s = -6 + 33. Let p = s - 0. Calculate the remainder when 105 is divided by p.
24
Suppose 4*i - 84 = -3*i. Calculate the remainder when 31 is divided by i.
7
Let a(y) = 2*y**3 + y**2 - y - 2. Suppose -9*m + 18 + 63 = 0. Calculate the remainder when a(2) is divided by m.
7
Let a be (-9 + 3)/((-2)/1). Suppose -a*l = 11 - 44. Calculate the remainder when 21 is divided by l.
10
Suppose 3*w = 67 - 1. Calculate the remainder when 64 is divided by w.
20
Let k = -3 + 5. Let r = k + 16. What is the remainder when r is divided by 5?
3
Suppose 9 = 4*q - o, -5*q + 13 = -o + 2. Calculate the remainder when (q - 5)/((-4)/52) is divided by 10.
9
Suppose 0 = -i + 79 + 80. Calculate the remainder when i is divided by 23.
21
What is the remainder when 29 is divided by (-4)/18 + (-1850)/(-225)?
5
Suppose 0 = -3*s - 49 - 179. Let a = 121 + s. What is the remainder when a is divided by 16?
13
Let o(k) = -4*k**3 + 2*k + 1. Let n = 16 - 18. Calculate the remainder when o(n) is divided by 10.
9
Let b(p) = -p**2 + 5*p + 1. What is the remainder when 27 is divided by b(4)?
2
Suppose -41 = -4*p + 143. Calculate the remainder when p is divided by 12.
10
Let a(m) = m**3 - 7*m**2 + 2*m - 5. What is the remainder when 14 is divided by a(7)?
5
Suppose 2*w - 3*v = 3*w + 6, -v = 4*w - 31. Let x(i) be the second derivative of -i**3/6 + 11*i**2/2 + 11*i. Calculate the remainder when x(-6) is divided by w.
8
What is the remainder when (3/(-1))/(3/(-42)) is divided by 15?
12
What is the remainder when (-3)/(-7) - (2 - (-445)/(-7)) is divided by 7?
6
Let x(i) = 2*i + 25. What is the remainder when 35 is divided by x(-8)?
8
Suppose 9*d - 8*d - 189 = 0. What is the remainder when d is divided by 38?
37
Suppose -3*n + 6*n + 5*t = 31, n = 5*t - 23. Suppose 2*u - 9 = -z, -5*u + 5*z = -0*z - 60. Let h = u - n. What is the remainder when 9 is divided by h?
4
Let x = -5 - -19. Suppose 2*g + 2*m + 78 = x, -g = 4*m + 44. Let r = g + 41. Calculate the remainder when 24 is divided by r.
11
Calculate the remainder when 110 is divided by 1305/58 - (-2)/4.
18
Suppose -153 - 281 = -2*q. Calculate the remainder when q is divided by 44.
41
Suppose -49*x + 150 = -43*x. Calculate the remainder when 95 is divided by x.
20
Suppose s - a = -2*s + 47, 0 = 2*s + 2*a - 42. Suppose -s - 3 = 5*t, 0 = 3*k + t - 92. What is the remainder when k is divided by 17?
15
Let s be (-3)/((-3)/2)*3. Suppose g + 5*j = s, 4*j - 40 = -2*g + 2. Calculate the remainder when g is divided by 11.
9
Let v be 0 + -1 + (-3)/3. Let b be 4/(-6)*9/v. Suppose -5*g = -3*t - 21 + 64, -g = -b*t + 35. What is the remainder when t is divided by 4?
3
Let d(v) = -2*v - 17. What is the remainder when d(-12) is divided by 3?
1
Suppose y + 4 = 0, 120 = 5*g - 2*y - 43. What is the remainder when g is divided by 19?
12
Suppose 4*n - 5 - 163 = 0. Calculate the remainder when n is divided by 9.
6
Suppose -5*k + 13 = -12. Calculate the remainder when 23 is divided by k.
3
Let n(o) = 14*o + 6. Let r be n(6). Let f = r + -37. What is the remainder when f is divided by 8/(-12) + (-112)/(-6)?
17
Let x(s) = -5*s + 3*s + 9 - 2*s + 2*s. Suppose -17 = -3*u - 4*m, -2*u - m + 3 = -15. Calculate the remainder when x(-11) is divided by u.
9
Let s(k) = k. Let l be s(-3). Suppose -2*b + 5*b = 27. Calculate the remainder when b is divided by (-1)/((9/15)/l).
4
Suppose 182 + 1484 = 7*l. Calculate the remainder when l is divided by 40.
38
Let f(o) = -o**3 + 10*o**2 - 4*o + 8. What is the remainder when f(4) is divided by (90/21)/(1/7)?
28
Let q = -109 - -229. Suppose -x + q = 3*x. Calculate the remainder when x is divided by 16.
14
Let n = 0 - 0. Suppose n = -l + 6*l - 1140. Suppose -8*a + 4*a = -l. What is the remainder when a is divided by 15?
12
Let s(u) = 5*u**2 - 2*u - 1. What is the remainder when (-18)/(-27) + (-67)/(-3) is divided by s(-1)?
5
Suppose 3*o = -0*o. Suppose -v + 3 + 0 = o. Calculate the remainder when v is divided by 2.
1
Suppose n + n = 3*g - 29, n + 34 = 3*g. What is the remainder when 51 is divided by g?
12
Let u(f) = 2*f**2 + f - 1. Calculate the remainder when u(-3) is divided by 4.
2
Let o be (0 - 1 - -1)/2. Let g(w) = w**3 - w**2 + w + 4. Suppose -75 = -5*a + 4*q, -2*a - 4*q = -5*a + 53. What is the remainder when a is divided by g(o)?
3
Let y(a) be the second derivative of -a**5/10 + a**3/3 + a**2 + 7*a. Calculate the remainder when y(-3) is divided by 13.
11
Let p(v) = -v**3 + 14*v**2 + 18*v. What is the remainder when p(15) is divided by 6?
3
Suppose 39 = 2*z + 7. Let b = 19 - z. Calculate the remainder when 8 is divided by b.
2
Let a = -52 - -76. Let v(u) = u**2 - 11*u - 7. Let z be v(11). Let l = 6 - z. Calculate the remainder when a is divided by l.
11
Let s(a) = -13*a - 81. Calculate the remainder when s(-12) is divided by 27.
21
Suppose -4*u + 23 + 65 = 5*x, 38 = 3*x - 5*u. Calculate the remainder when 47 is divided by x.
15
Suppose 5*n + a = 862, 3*a - 164 = -n + 7*a. Suppose -3*b = b - n. What is the remainder when b is divided by 15?
13
Calculate the remainder when ((-442)/(-52))/((-1)/(-2)) is divided by 5.
2
Suppose 3*p + 5*c - 4*c = 23, p + 2*c - 6 = 0. What is the remainder when 28 is divided by p?
4
Let m = -10 - 0. Let t(k) = k**3 + 10*k**2 + 2. Let o be t(m). Suppose -u = 2*n - 26, 3*n - o*u - 36 = -n. What is the remainder when n is divided by 3?
2
Let b be (-135)/5 - 1/(-1). Let l = -18 - b. Suppose -4*q - 3*f = -l*q + 1, 5*q - 5*f = 0. What is the remainder when q is divided by 1?
0
Suppose -4*l = -l - 24. Let i = 0 + l. Suppose w = 4*y - 87, 5*y = w + 78 + 31. Calculate the remainder when y is divided by i.
6
Suppose -m + p = 0, 5*m = -4*p - 1 + 10. What is the remainder when m - (-2 + -7) - -1 is divided by 7?
4
Let x(j) = j**2 + 3*j + 7. Calculate the remainder when x(7) is divided by (-3 - -3)/(-4) + 1*20.
17
Suppose 2*l + 3*l = 5*p - 445, 275 = 3*p - l. What is the remainder when p is divided by 19?
17
Suppose -4*n - 6 = 2*z + 36, 0 = -5*n + 2*z - 57. Let w = n - -16. What is the remainder when 13 is divided by w?
3
Let j = -81 - -263. Let w(i) = -3*i - 2. Calculate the remainder when 3/(-9) + j/6 is divided by w(-6).
14
Suppose -1 = c - 0. Let r(s) = s + 4. Let g be r(-5). What is the remainder when -2*c/g + 10 is divided by 5?
3
Let n(i) = i + 19. Calculate the remainder when 102 is divided by n(7).
24
Let u = 98 + -47. Suppose 0 = -5*z + 4*g + 65, 2*z + 0 = -3*g + 26. What is the remainder when u is divided by z?
12
Suppose 5*b = 2*u, 3*b - 4*u = -5 + 19. What is the remainder when 75 is divided by (-1 - -18)/1 - b?
18
Let k = -14 - -13. Let f(a) = 11*a**2 + a + 1. What is the remainder when 19 is divided by f(k)?
8
Suppose -o - 2*l + 2 = 3*l, -4 = -2*o + 4*l. Suppose -2*p + o*y + 23 = y, 4*p - 26 = -2*y. What is the remainder when p is divided by 4?
1
Suppose -8 = -4*d + 4. Suppose -b + 68 = d*b. Let z = -3 - -12. What is the remainder when b is divided by z?
8
Let p(f) = 5*f**2 + f - 2. What is the remainder when 30 is divided by p(-2)?
14
Suppose -a = -2*j - 16, -4*a + 115 = -3*j + 26. Let g = -2 + 9. Calculate the remainder when a is divided by g.
5
Let g = 14 - 6. Calculate the remainder when g is divided by 1.
0
Let i(q) = 4*q - 4. Let z be i(-4). Let x = -4 - z. What is the remainder when x is divided by 9?
7
Let l(g) = -3*g**2 - 6*g + 2. Let f(a) = a**2 + a - 1. Let t(x) = 4*f(x) + l(x). Let n be t(4). What is the remainder when n/(-15) - 42/(-5) is divided by 5?
3
Suppose -31 = -2*w + w. Suppose -9*h = -h - 128. Calculate the remainder when w is divided by h.
15
Let h(x) = x**3 - 4*x**2 + 4*x - 3. Let z be h(2). Let n be 2 - (z + 2 - 1). What is the remainder when -2 - 2/(n/(-50)) is divided by 12?
11
Suppose 3*x - 3*b - 6 - 18 = 0, 5*b + 20 = x. Suppose -4*u + 207 = 15. Suppose -5*n = -u - 47. Calculate the remainder when n is divided by x.
4
Suppose 5*p + 5*s + 42 = 347, 0 = -2*p - 4*s + 120. What is the remainder when p is divided by 4191/198 - (-1)/(-6)?
20
Calculate the remainder when 55 is divided by 36/24 + 70/4.
17
Let v be (0 - -2)/((-8)/92). Let u = v + 27. Calculate the remainder when 5 is divided by u.
1
Let u be 2/4*(-4 + 6). Let z(m) = 15*m**2 + 2*m - 1. Calculate the remainder when 46 is divided by z(u).
14
Let k(o) = o**3 + 8*o**2 + 7*o + 17. What is the remainde